{"id":32686,"date":"2025-06-10T14:16:39","date_gmt":"2025-06-10T19:16:39","guid":{"rendered":"https:\/\/leganzamobiliario.com\/?post_type=product&#038;p=32686"},"modified":"2025-08-07T12:27:50","modified_gmt":"2025-08-07T17:27:50","slug":"sofa-reclinable-noestress","status":"publish","type":"product","link":"https:\/\/leganzamobiliario.com\/es_co\/producto\/sofa-reclinable-noestress\/","title":{"rendered":"Sof\u00e1 Reclinable Noestress"},"content":{"rendered":"<h3 data-start=\"2022\" data-end=\"2097\">\ud83d\udecb\ufe0f Sof\u00e1 Reclinable <strong data-start=\"2046\" data-end=\"2059\">Noestress<\/strong> \u2013 M\u00e1ximo Relax con Comodidad Avanzada<\/h3>\n<p data-start=\"2099\" data-end=\"2415\">El <strong data-start=\"2102\" data-end=\"2120\">Sof\u00e1 Noestress<\/strong> es el aliado perfecto para quienes desean convertir su sala en un refugio de descanso. Con su <strong data-start=\"2215\" data-end=\"2270\">mecanismo el\u00e9ctrico en los asientos de los extremos<\/strong>, podr\u00e1s ajustar el respaldo y el reposapi\u00e9s con facilidad. Perfecto para largas jornadas de descanso, pel\u00edculas o simplemente relajarte en casa.<\/p>\n<p data-start=\"2417\" data-end=\"2454\">\ud83d\udcd0 <strong data-start=\"2420\" data-end=\"2453\">Medidas disponibles y precios<\/strong>:<\/p>\n<ul data-start=\"2455\" data-end=\"2576\">\n<li data-start=\"2455\" data-end=\"2516\">\n<p data-start=\"2457\" data-end=\"2516\">2,20 m de largo x 0,80 m de fondo (3 puestos)<\/p>\n<\/li>\n<li data-start=\"2517\" data-end=\"2576\">\n<p data-start=\"2519\" data-end=\"2576\">1,60 m de largo x 0,80 m de fondo (2 puestos)<\/p>\n<\/li>\n<\/ul>\n<p data-start=\"2578\" data-end=\"2611\">\u2728 <strong data-start=\"2580\" data-end=\"2610\">Caracter\u00edsticas destacadas<\/strong>:<\/p>\n<ul data-start=\"2612\" data-end=\"2820\">\n<li data-start=\"2612\" data-end=\"2659\">\n<p data-start=\"2614\" data-end=\"2659\">Asientos laterales reclinables el\u00e9ctricamente<\/p>\n<\/li>\n<li data-start=\"2660\" data-end=\"2698\">\n<p data-start=\"2662\" data-end=\"2698\">Cojines ergon\u00f3micos de alta densidad<\/p>\n<\/li>\n<li data-start=\"2699\" data-end=\"2733\">\n<p data-start=\"2701\" data-end=\"2733\">Tapizado de lujo, suave al tacto<\/p>\n<\/li>\n<li data-start=\"2734\" data-end=\"2775\">\n<p data-start=\"2736\" data-end=\"2775\">Dise\u00f1o contempor\u00e1neo con acabados finos<\/p>\n<\/li>\n<li data-start=\"2776\" data-end=\"2820\">\n<p data-start=\"2778\" data-end=\"2820\">Ideal para salones modernos y confortables<\/p>\n<\/li>\n<\/ul>\n<p data-start=\"2822\" data-end=\"2906\">\ud83d\udee0\ufe0f <strong data-start=\"2826\" data-end=\"2864\">Fabricaci\u00f3n bajo pedido en 7 d\u00edas.<\/strong><br data-start=\"2864\" data-end=\"2867\" \/><strong data-start=\"2867\" data-end=\"2878\">Modelo:<\/strong> Sof\u00e1 Reclinable \u2013 Noestress<\/p>\n","protected":false},"excerpt":{"rendered":"<h3 data-start=\"2022\" data-end=\"2097\">\ud83d\udecb\ufe0f Sof\u00e1 Reclinable <strong data-start=\"2046\" data-end=\"2059\">Noestress<\/strong> \u2013 M\u00e1ximo Relax con Comodidad Avanzada<\/h3>\n<p data-start=\"2099\" data-end=\"2415\">El <strong data-start=\"2102\" data-end=\"2120\">Sof\u00e1 Noestress<\/strong> es el aliado perfecto para quienes desean convertir su sala en un refugio de descanso. Con su <strong data-start=\"2215\" data-end=\"2270\">mecanismo el\u00e9ctrico en los asientos de los extremos<\/strong>, podr\u00e1s ajustar el respaldo y el reposapi\u00e9s con facilidad. Perfecto para largas jornadas de descanso, pel\u00edculas o simplemente relajarte en casa.<\/p>\n<p data-start=\"2099\" data-end=\"2415\">\ud83d\udee0\ufe0f <strong data-start=\"2826\" data-end=\"2864\">Fabricaci\u00f3n bajo pedido en 7 d\u00edas.<\/strong><\/p>\n<p data-start=\"2417\" data-end=\"2454\">\ud83d\udcd0 <strong data-start=\"2420\" data-end=\"2453\">Medidas disponibles y precios<\/strong>:<\/p>\n","protected":false},"featured_media":29884,"comment_status":"open","ping_status":"closed","template":"","meta":[],"product_brand":[],"product_cat":[83],"product_tag":[],"class_list":{"0":"post-32686","1":"product","2":"type-product","3":"status-publish","4":"has-post-thumbnail","6":"product_cat-sofa","7":"pa_colores-img-chenille-azul-oscuro","8":"pa_colores-img-chenille-beige","9":"pa_colores-img-chenille-blanca","10":"pa_colores-img-chenille-gris","11":"pa_colores-img-chenille-marfil","12":"pa_colores-img-lino-gris-plata","13":"pa_colores-img-lino-gris-plomo","14":"pa_colores-img-lino-gris-salitre","15":"pa_colores-img-lino-mostaza","16":"pa_colores-img-lino-negro","17":"pa_colores-img-microfibra-azul-navy","18":"pa_colores-img-microfibra-azul-turquesa","19":"pa_colores-img-microfibra-beige-textura","20":"pa_colores-img-microfibra-bruselas","21":"pa_colores-img-microfibra-bruselas-cocoa","22":"pa_colores-img-microfibra-caramelo","23":"pa_colores-img-microfibra-celeste","24":"pa_colores-img-microfibra-grafito","25":"pa_colores-img-microfibra-grey","26":"pa_colores-img-microfibra-odin-blanca","27":"pa_colores-img-microfibra-odin-gris","28":"pa_colores-img-microfibra-peach","29":"pa_colores-img-microfibra-red","30":"pa_colores-img-microfibra-salmon","31":"pa_colores-img-microfibra-sand","32":"pa_colores-img-microfibra-taupe","33":"pa_colores-img-microfibra-terra","34":"pa_colores-img-microfibra-textura-vainilla","35":"pa_colores-img-microfibra-verde-botella","36":"pa_colores-img-microfibra-verde-oliva-textura","37":"pa_colores-img-microfibra-verde-oro","38":"pa_colores-img-verde-pino","39":"pa_medida-sofa-menorso","40":"pa_medida-sofa-mayorso","42":"first","43":"instock","44":"shipping-taxable","45":"purchasable","46":"product-type-variable"},"_links":{"self":[{"href":"https:\/\/leganzamobiliario.com\/es_co\/wp-json\/wp\/v2\/product\/32686","targetHints":{"allow":["GET"]}}],"collection":[{"href":"https:\/\/leganzamobiliario.com\/es_co\/wp-json\/wp\/v2\/product"}],"about":[{"href":"https:\/\/leganzamobiliario.com\/es_co\/wp-json\/wp\/v2\/types\/product"}],"replies":[{"embeddable":true,"href":"https:\/\/leganzamobiliario.com\/es_co\/wp-json\/wp\/v2\/comments?post=32686"}],"version-history":[{"count":1,"href":"https:\/\/leganzamobiliario.com\/es_co\/wp-json\/wp\/v2\/product\/32686\/revisions"}],"predecessor-version":[{"id":33048,"href":"https:\/\/leganzamobiliario.com\/es_co\/wp-json\/wp\/v2\/product\/32686\/revisions\/33048"}],"wp:featuredmedia":[{"embeddable":true,"href":"https:\/\/leganzamobiliario.com\/es_co\/wp-json\/wp\/v2\/media\/29884"}],"wp:attachment":[{"href":"https:\/\/leganzamobiliario.com\/es_co\/wp-json\/wp\/v2\/media?parent=32686"}],"wp:term":[{"taxonomy":"product_brand","embeddable":true,"href":"https:\/\/leganzamobiliario.com\/es_co\/wp-json\/wp\/v2\/product_brand?post=32686"},{"taxonomy":"product_cat","embeddable":true,"href":"https:\/\/leganzamobiliario.com\/es_co\/wp-json\/wp\/v2\/product_cat?post=32686"},{"taxonomy":"product_tag","embeddable":true,"href":"https:\/\/leganzamobiliario.com\/es_co\/wp-json\/wp\/v2\/product_tag?post=32686"}],"curies":[{"name":"wp","href":"https:\/\/api.w.org\/{rel}","templated":true}]}}

Sofá Reclinable Noestress

<h3 data-start="2022" data-end="2097">🛋️ Sofá Reclinable <strong data-start="2046" data-end="2059">Noestress</strong> – Máximo Relax con Comodidad Avanzada</h3>
<p data-start="2099" data-end="2415">El <strong data-start="2102" data-end="2120">Sofá Noestress</strong> es el aliado perfecto para quienes desean convertir su sala en un refugio de descanso. Con su <strong data-start="2215" data-end="2270">mecanismo eléctrico en los asientos de los extremos</strong>, podrás ajustar el respaldo y el reposapiés con facilidad. Perfecto para largas jornadas de descanso, películas o simplemente relajarte en casa.</p>
<p data-start="2417" data-end="2454">📐 <strong data-start="2420" data-end="2453">Medidas disponibles y precios</strong>:</p>
<ul data-start="2455" data-end="2576">
<li data-start="2455" data-end="2516">
<p data-start="2457" data-end="2516">2,20 m de largo x 0,80 m de fondo (3 puestos)</p>
</li>
<li data-start="2517" data-end="2576">
<p data-start="2519" data-end="2576">1,60 m de largo x 0,80 m de fondo (2 puestos)</p>
</li>
</ul>
<p data-start="2578" data-end="2611">✨ <strong data-start="2580" data-end="2610">Características destacadas</strong>:</p>
<ul data-start="2612" data-end="2820">
<li data-start="2612" data-end="2659">
<p data-start="2614" data-end="2659">Asientos laterales reclinables eléctricamente</p>
</li>
<li data-start="2660" data-end="2698">
<p data-start="2662" data-end="2698">Cojines ergonómicos de alta densidad</p>
</li>
<li data-start="2699" data-end="2733">
<p data-start="2701" data-end="2733">Tapizado de lujo, suave al tacto</p>
</li>
<li data-start="2734" data-end="2775">
<p data-start="2736" data-end="2775">Diseño contemporáneo con acabados finos</p>
</li>
<li data-start="2776" data-end="2820">
<p data-start="2778" data-end="2820">Ideal para salones modernos y confortables</p>
</li>
</ul>
<p data-start="2822" data-end="2906">🛠️ <strong data-start="2826" data-end="2864">Fabricación bajo pedido en 7 días.</strong><br data-start="2864" data-end="2867" /><strong data-start="2867" data-end="2878">Modelo:</strong> Sofá Reclinable – Noestress</p>

<h3 data-start="2022" data-end="2097">🛋️ Sofá Reclinable <strong data-start="2046" data-end="2059">Noestress</strong> – Máximo Relax con Comodidad Avanzada</h3>
<p data-start="2099" data-end="2415">El <strong data-start="2102" data-end="2120">Sofá Noestress</strong> es el aliado perfecto para quienes desean convertir su sala en un refugio de descanso. Con su <strong data-start="2215" data-end="2270">mecanismo eléctrico en los asientos de los extremos</strong>, podrás ajustar el respaldo y el reposapiés con facilidad. Perfecto para largas jornadas de descanso, películas o simplemente relajarte en casa.</p>
<p data-start="2099" data-end="2415">🛠️ <strong data-start="2826" data-end="2864">Fabricación bajo pedido en 7 días.</strong></p>
<p data-start="2417" data-end="2454">📐 <strong data-start="2420" data-end="2453">Medidas disponibles y precios</strong>:</p>
