{"id":32620,"date":"2025-06-10T14:12:25","date_gmt":"2025-06-10T19:12:25","guid":{"rendered":"https:\/\/leganzamobiliario.com\/?post_type=product&#038;p=32620"},"modified":"2025-06-10T14:12:26","modified_gmt":"2025-06-10T19:12:26","slug":"sofa-reclinable-sereniti","status":"publish","type":"product","link":"https:\/\/leganzamobiliario.com\/es_co\/producto\/sofa-reclinable-sereniti\/","title":{"rendered":"Sof\u00e1 Reclinable Sereniti"},"content":{"rendered":"<h3 data-start=\"1163\" data-end=\"1223\">\ud83d\udecb\ufe0f Sof\u00e1 Reclinable <strong data-start=\"1187\" data-end=\"1199\">Sereniti<\/strong> \u2013 Relajaci\u00f3n con Estilo<\/h3>\n<p data-start=\"1225\" data-end=\"1522\">El <strong data-start=\"1228\" data-end=\"1245\">Sof\u00e1 Sereniti<\/strong> est\u00e1 dise\u00f1ado para ofrecer una experiencia de descanso superior con su mecanismo reclinable el\u00e9ctrico en los asientos laterales. Su dise\u00f1o estilizado, cojines ergon\u00f3micos y acabados elegantes lo hacen perfecto para quienes buscan <strong data-start=\"1476\" data-end=\"1521\">relajaci\u00f3n y buen gusto en un solo mueble<\/strong>.<\/p>\n<p data-start=\"1524\" data-end=\"1561\">\ud83d\udcd0 <strong data-start=\"1527\" data-end=\"1560\">Medidas disponibles y precios<\/strong>:<\/p>\n<ul data-start=\"1562\" data-end=\"1683\">\n<li data-start=\"1562\" data-end=\"1623\">\n<p data-start=\"1564\" data-end=\"1623\">2,20 m de largo x 0,80 m de fondo (3 puestos)<\/p>\n<\/li>\n<li data-start=\"1624\" data-end=\"1683\">\n<p data-start=\"1626\" data-end=\"1683\">1,60 m de largo x 0,80 m de fondo (2 puestos)<\/p>\n<\/li>\n<\/ul>\n<p data-start=\"1685\" data-end=\"1718\">\u2728 <strong data-start=\"1687\" data-end=\"1717\">Caracter\u00edsticas destacadas<\/strong>:<\/p>\n<ul data-start=\"1719\" data-end=\"1930\">\n<li data-start=\"1719\" data-end=\"1762\">\n<p data-start=\"1721\" data-end=\"1762\">Mecanismo el\u00e9ctrico en asientos laterales<\/p>\n<\/li>\n<li data-start=\"1763\" data-end=\"1807\">\n<p data-start=\"1765\" data-end=\"1807\">Estilo moderno con l\u00edneas suaves y limpias<\/p>\n<\/li>\n<li data-start=\"1808\" data-end=\"1841\">\n<p data-start=\"1810\" data-end=\"1841\">Estructura s\u00f3lida y confortable<\/p>\n<\/li>\n<li data-start=\"1842\" data-end=\"1883\">\n<p data-start=\"1844\" data-end=\"1883\">Tapizado personalizable en tela y color<\/p>\n<\/li>\n<li data-start=\"1884\" data-end=\"1930\">\n<p data-start=\"1886\" data-end=\"1930\">Ideal para espacios acogedores y funcionales<\/p>\n<\/li>\n<\/ul>\n<p data-start=\"1932\" data-end=\"2015\">\ud83d\udee0\ufe0f <strong data-start=\"1936\" data-end=\"1974\">Fabricaci\u00f3n bajo pedido en 7 d\u00edas.<\/strong><br data-start=\"1974\" data-end=\"1977\" \/><strong data-start=\"1977\" data-end=\"1988\">Modelo:<\/strong> Sof\u00e1 Reclinable \u2013 Sereniti<\/p>\n","protected":false},"excerpt":{"rendered":"<h3 data-start=\"1163\" data-end=\"1223\">\ud83d\udecb\ufe0f Sof\u00e1 Reclinable <strong data-start=\"1187\" data-end=\"1199\">Sereniti<\/strong> \u2013 Relajaci\u00f3n con Estilo<\/h3>\n<p data-start=\"1225\" data-end=\"1522\">El <strong data-start=\"1228\" data-end=\"1245\">Sof\u00e1 Sereniti<\/strong> est\u00e1 dise\u00f1ado para ofrecer una experiencia de descanso superior con su mecanismo reclinable el\u00e9ctrico en los asientos laterales. Su dise\u00f1o estilizado, cojines ergon\u00f3micos y acabados elegantes lo hacen perfecto para quienes buscan <strong data-start=\"1476\" data-end=\"1521\">relajaci\u00f3n y buen gusto en un solo mueble<\/strong>.<\/p>\n<p data-start=\"1225\" data-end=\"1522\">\ud83d\udee0\ufe0f <strong data-start=\"1936\" data-end=\"1974\">Fabricaci\u00f3n bajo pedido en 7 d\u00edas.<\/strong><\/p>\n<p data-start=\"1524\" data-end=\"1561\">\ud83d\udcd0 <strong data-start=\"1527\" data-end=\"1560\">Medidas disponibles y precios<\/strong>:<\/p>\n","protected":false},"featured_media":29891,"comment_status":"open","ping_status":"closed","template":"","meta":[],"product_brand":[],"product_cat":[83],"product_tag":[],"class_list":{"0":"post-32620","1":"product","2":"type-product","3":"status-publish","4":"has-post-thumbnail","6":"product_cat-sofa","7":"pa_colores-img-chenille-azul-oscuro","8":"pa_colores-img-chenille-beige","9":"pa_colores-img-chenille-blanca","10":"pa_colores-img-chenille-gris","11":"pa_colores-img-chenille-marfil","12":"pa_colores-img-lino-gris-plata","13":"pa_colores-img-lino-gris-plomo","14":"pa_colores-img-lino-gris-salitre","15":"pa_colores-img-lino-mostaza","16":"pa_colores-img-lino-negro","17":"pa_colores-img-microfibra-azul-navy","18":"pa_colores-img-microfibra-azul-turquesa","19":"pa_colores-img-microfibra-beige-textura","20":"pa_colores-img-microfibra-bruselas","21":"pa_colores-img-microfibra-bruselas-cocoa","22":"pa_colores-img-microfibra-caramelo","23":"pa_colores-img-microfibra-celeste","24":"pa_colores-img-microfibra-grafito","25":"pa_colores-img-microfibra-grey","26":"pa_colores-img-microfibra-odin-blanca","27":"pa_colores-img-microfibra-odin-gris","28":"pa_colores-img-microfibra-peach","29":"pa_colores-img-microfibra-red","30":"pa_colores-img-microfibra-salmon","31":"pa_colores-img-microfibra-sand","32":"pa_colores-img-microfibra-taupe","33":"pa_colores-img-microfibra-terra","34":"pa_colores-img-microfibra-textura-vainilla","35":"pa_colores-img-microfibra-verde-botella","36":"pa_colores-img-microfibra-verde-oliva-textura","37":"pa_colores-img-microfibra-verde-oro","38":"pa_colores-img-verde-pino","39":"pa_medida-sofa-menorso","40":"pa_medida-sofa-mayorso","42":"first","43":"instock","44":"shipping-taxable","45":"purchasable","46":"product-type-variable"},"_links":{"self":[{"href":"https:\/\/leganzamobiliario.com\/es_co\/wp-json\/wp\/v2\/product\/32620","targetHints":{"allow":["GET"]}}],"collection":[{"href":"https:\/\/leganzamobiliario.com\/es_co\/wp-json\/wp\/v2\/product"}],"about":[{"href":"https:\/\/leganzamobiliario.com\/es_co\/wp-json\/wp\/v2\/types\/product"}],"replies":[{"embeddable":true,"href":"https:\/\/leganzamobiliario.com\/es_co\/wp-json\/wp\/v2\/comments?post=32620"}],"version-history":[{"count":0,"href":"https:\/\/leganzamobiliario.com\/es_co\/wp-json\/wp\/v2\/product\/32620\/revisions"}],"wp:featuredmedia":[{"embeddable":true,"href":"https:\/\/leganzamobiliario.com\/es_co\/wp-json\/wp\/v2\/media\/29891"}],"wp:attachment":[{"href":"https:\/\/leganzamobiliario.com\/es_co\/wp-json\/wp\/v2\/media?parent=32620"}],"wp:term":[{"taxonomy":"product_brand","embeddable":true,"href":"https:\/\/leganzamobiliario.com\/es_co\/wp-json\/wp\/v2\/product_brand?post=32620"},{"taxonomy":"product_cat","embeddable":true,"href":"https:\/\/leganzamobiliario.com\/es_co\/wp-json\/wp\/v2\/product_cat?post=32620"},{"taxonomy":"product_tag","embeddable":true,"href":"https:\/\/leganzamobiliario.com\/es_co\/wp-json\/wp\/v2\/product_tag?post=32620"}],"curies":[{"name":"wp","href":"https:\/\/api.w.org\/{rel}","templated":true}]}}

Sofá Reclinable Sereniti

<h3 data-start="1163" data-end="1223">🛋️ Sofá Reclinable <strong data-start="1187" data-end="1199">Sereniti</strong> – Relajación con Estilo</h3>
<p data-start="1225" data-end="1522">El <strong data-start="1228" data-end="1245">Sofá Sereniti</strong> está diseñado para ofrecer una experiencia de descanso superior con su mecanismo reclinable eléctrico en los asientos laterales. Su diseño estilizado, cojines ergonómicos y acabados elegantes lo hacen perfecto para quienes buscan <strong data-start="1476" data-end="1521">relajación y buen gusto en un solo mueble</strong>.</p>
<p data-start="1524" data-end="1561">📐 <strong data-start="1527" data-end="1560">Medidas disponibles y precios</strong>:</p>
<ul data-start="1562" data-end="1683">
<li data-start="1562" data-end="1623">
<p data-start="1564" data-end="1623">2,20 m de largo x 0,80 m de fondo (3 puestos)</p>
</li>
<li data-start="1624" data-end="1683">
<p data-start="1626" data-end="1683">1,60 m de largo x 0,80 m de fondo (2 puestos)</p>
</li>
</ul>
<p data-start="1685" data-end="1718">✨ <strong data-start="1687" data-end="1717">Características destacadas</strong>:</p>
<ul data-start="1719" data-end="1930">
<li data-start="1719" data-end="1762">
<p data-start="1721" data-end="1762">Mecanismo eléctrico en asientos laterales</p>
</li>
<li data-start="1763" data-end="1807">
<p data-start="1765" data-end="1807">Estilo moderno con líneas suaves y limpias</p>
</li>
<li data-start="1808" data-end="1841">
<p data-start="1810" data-end="1841">Estructura sólida y confortable</p>
</li>
<li data-start="1842" data-end="1883">
<p data-start="1844" data-end="1883">Tapizado personalizable en tela y color</p>
</li>
<li data-start="1884" data-end="1930">
<p data-start="1886" data-end="1930">Ideal para espacios acogedores y funcionales</p>
</li>
</ul>
<p data-start="1932" data-end="2015">🛠️ <strong data-start="1936" data-end="1974">Fabricación bajo pedido en 7 días.</strong><br data-start="1974" data-end="1977" /><strong data-start="1977" data-end="1988">Modelo:</strong> Sofá Reclinable – Sereniti</p>

<h3 data-start="1163" data-end="1223">🛋️ Sofá Reclinable <strong data-start="1187" data-end="1199">Sereniti</strong> – Relajación con Estilo</h3>
<p data-start="1225" data-end="1522">El <strong data-start="1228" data-end="1245">Sofá Sereniti</strong> está diseñado para ofrecer una experiencia de descanso superior con su mecanismo reclinable eléctrico en los asientos laterales. Su diseño estilizado, cojines ergonómicos y acabados elegantes lo hacen perfecto para quienes buscan <strong data-start="1476" data-end="1521">relajación y buen gusto en un solo mueble</strong>.</p>
<p data-start="1225" data-end="1522">🛠️ <strong data-start="1936" data-end="1974">Fabricación bajo pedido en 7 días.</strong></p>
<p data-start="1524" data-end="1561">📐 <strong data-start="1527" data-end="1560">Medidas disponibles y precios</strong>:</p>
