{"id":32554,"date":"2025-06-10T14:01:55","date_gmt":"2025-06-10T19:01:55","guid":{"rendered":"https:\/\/leganzamobiliario.com\/?post_type=product&#038;p=32554"},"modified":"2025-06-10T14:01:55","modified_gmt":"2025-06-10T19:01:55","slug":"sofa-reclinable-siesta","status":"publish","type":"product","link":"https:\/\/leganzamobiliario.com\/es_co\/producto\/sofa-reclinable-siesta\/","title":{"rendered":"Sof\u00e1 Reclinable Siesta"},"content":{"rendered":"<h3 data-start=\"247\" data-end=\"322\">\ud83d\udecb\ufe0f Sof\u00e1 Reclinable <strong data-start=\"271\" data-end=\"281\">Siesta<\/strong> \u2013 Confort Moderno y Tecnolog\u00eda El\u00e9ctrica<\/h3>\n<p data-start=\"324\" data-end=\"637\">Descansa como nunca antes con el <strong data-start=\"357\" data-end=\"372\">Sof\u00e1 Siesta<\/strong>, una combinaci\u00f3n perfecta entre dise\u00f1o moderno y tecnolog\u00eda de relajaci\u00f3n. Equipado con <strong data-start=\"461\" data-end=\"521\">mecanismo el\u00e9ctrico reclinable en los asientos laterales<\/strong>, este sof\u00e1 permite ajustar la posici\u00f3n con solo presionar un bot\u00f3n, ideal para ver series, leer o tomar una siesta.<\/p>\n<p data-start=\"639\" data-end=\"676\">\ud83d\udcd0 <strong data-start=\"642\" data-end=\"675\">Medidas disponibles y precios<\/strong>:<\/p>\n<ul data-start=\"677\" data-end=\"798\">\n<li data-start=\"677\" data-end=\"738\">\n<p data-start=\"679\" data-end=\"738\">2,20 m de largo x 0,80 m de fondo (3 puestos)<\/p>\n<\/li>\n<li data-start=\"739\" data-end=\"798\">\n<p data-start=\"741\" data-end=\"798\">1,60 m de largo x 0,80 m de fondo (2 puestos)<\/p>\n<\/li>\n<\/ul>\n<p data-start=\"800\" data-end=\"833\">\u2728 <strong data-start=\"802\" data-end=\"832\">Caracter\u00edsticas destacadas<\/strong>:<\/p>\n<ul data-start=\"834\" data-end=\"1073\">\n<li data-start=\"834\" data-end=\"879\">\n<p data-start=\"836\" data-end=\"879\">Asientos reclinables el\u00e9ctricos (laterales)<\/p>\n<\/li>\n<li data-start=\"880\" data-end=\"925\">\n<p data-start=\"882\" data-end=\"925\">Espuma de alta densidad para m\u00e1ximo confort<\/p>\n<\/li>\n<li data-start=\"926\" data-end=\"955\">\n<p data-start=\"928\" data-end=\"955\">Tapizado suave y resistente<\/p>\n<\/li>\n<li data-start=\"956\" data-end=\"989\">\n<p data-start=\"958\" data-end=\"989\">Dise\u00f1o elegante y contempor\u00e1neo<\/p>\n<\/li>\n<li data-start=\"990\" data-end=\"1022\">\n<p data-start=\"992\" data-end=\"1022\">Estructura de alta durabilidad<\/p>\n<\/li>\n<li data-start=\"1023\" data-end=\"1073\">\n<p data-start=\"1025\" data-end=\"1073\">Ideal para salas principales o zonas de descanso<\/p>\n<\/li>\n<\/ul>\n<p data-start=\"1075\" data-end=\"1156\">\ud83d\udee0\ufe0f <strong data-start=\"1079\" data-end=\"1117\">Fabricaci\u00f3n bajo pedido en 7 d\u00edas.<\/strong><br data-start=\"1117\" data-end=\"1120\" \/><strong data-start=\"1120\" data-end=\"1131\">Modelo:<\/strong> Sof\u00e1 Reclinable \u2013 Siesta<\/p>\n","protected":false},"excerpt":{"rendered":"<h3 data-start=\"247\" data-end=\"322\">\ud83d\udecb\ufe0f Sof\u00e1 Reclinable <strong data-start=\"271\" data-end=\"281\">Siesta<\/strong> \u2013 Confort Moderno y Tecnolog\u00eda El\u00e9ctrica<\/h3>\n<p data-start=\"324\" data-end=\"637\">Descansa como nunca antes con el <strong data-start=\"357\" data-end=\"372\">Sof\u00e1 Siesta<\/strong>, una combinaci\u00f3n perfecta entre dise\u00f1o moderno y tecnolog\u00eda de relajaci\u00f3n. Equipado con <strong data-start=\"461\" data-end=\"521\">mecanismo el\u00e9ctrico reclinable en los asientos laterales<\/strong>, este sof\u00e1 permite ajustar la posici\u00f3n con solo presionar un bot\u00f3n, ideal para ver series, leer o tomar una siesta.<\/p>\n<p data-start=\"324\" data-end=\"637\">\ud83d\udee0\ufe0f <strong data-start=\"1079\" data-end=\"1117\">Fabricaci\u00f3n bajo pedido en 7 d\u00edas.<\/strong><\/p>\n<p data-start=\"639\" data-end=\"676\">\ud83d\udcd0 <strong data-start=\"642\" data-end=\"675\">Medidas disponibles y precios<\/strong>:<\/p>\n","protected":false},"featured_media":29889,"comment_status":"open","ping_status":"closed","template":"","meta":[],"product_brand":[],"product_cat":[83],"product_tag":[],"class_list":{"0":"post-32554","1":"product","2":"type-product","3":"status-publish","4":"has-post-thumbnail","6":"product_cat-sofa","7":"pa_colores-img-chenille-azul-oscuro","8":"pa_colores-img-chenille-beige","9":"pa_colores-img-chenille-blanca","10":"pa_colores-img-chenille-gris","11":"pa_colores-img-chenille-marfil","12":"pa_colores-img-lino-gris-plata","13":"pa_colores-img-lino-gris-plomo","14":"pa_colores-img-lino-gris-salitre","15":"pa_colores-img-lino-mostaza","16":"pa_colores-img-lino-negro","17":"pa_colores-img-microfibra-azul-navy","18":"pa_colores-img-microfibra-azul-turquesa","19":"pa_colores-img-microfibra-beige-textura","20":"pa_colores-img-microfibra-bruselas","21":"pa_colores-img-microfibra-bruselas-cocoa","22":"pa_colores-img-microfibra-caramelo","23":"pa_colores-img-microfibra-celeste","24":"pa_colores-img-microfibra-grafito","25":"pa_colores-img-microfibra-grey","26":"pa_colores-img-microfibra-odin-blanca","27":"pa_colores-img-microfibra-odin-gris","28":"pa_colores-img-microfibra-peach","29":"pa_colores-img-microfibra-red","30":"pa_colores-img-microfibra-salmon","31":"pa_colores-img-microfibra-sand","32":"pa_colores-img-microfibra-taupe","33":"pa_colores-img-microfibra-terra","34":"pa_colores-img-microfibra-textura-vainilla","35":"pa_colores-img-microfibra-verde-botella","36":"pa_colores-img-microfibra-verde-oliva-textura","37":"pa_colores-img-microfibra-verde-oro","38":"pa_colores-img-verde-pino","39":"pa_medida-sofa-menorso","40":"pa_medida-sofa-mayorso","42":"first","43":"instock","44":"shipping-taxable","45":"purchasable","46":"product-type-variable"},"_links":{"self":[{"href":"https:\/\/leganzamobiliario.com\/es_co\/wp-json\/wp\/v2\/product\/32554","targetHints":{"allow":["GET"]}}],"collection":[{"href":"https:\/\/leganzamobiliario.com\/es_co\/wp-json\/wp\/v2\/product"}],"about":[{"href":"https:\/\/leganzamobiliario.com\/es_co\/wp-json\/wp\/v2\/types\/product"}],"replies":[{"embeddable":true,"href":"https:\/\/leganzamobiliario.com\/es_co\/wp-json\/wp\/v2\/comments?post=32554"}],"version-history":[{"count":0,"href":"https:\/\/leganzamobiliario.com\/es_co\/wp-json\/wp\/v2\/product\/32554\/revisions"}],"wp:featuredmedia":[{"embeddable":true,"href":"https:\/\/leganzamobiliario.com\/es_co\/wp-json\/wp\/v2\/media\/29889"}],"wp:attachment":[{"href":"https:\/\/leganzamobiliario.com\/es_co\/wp-json\/wp\/v2\/media?parent=32554"}],"wp:term":[{"taxonomy":"product_brand","embeddable":true,"href":"https:\/\/leganzamobiliario.com\/es_co\/wp-json\/wp\/v2\/product_brand?post=32554"},{"taxonomy":"product_cat","embeddable":true,"href":"https:\/\/leganzamobiliario.com\/es_co\/wp-json\/wp\/v2\/product_cat?post=32554"},{"taxonomy":"product_tag","embeddable":true,"href":"https:\/\/leganzamobiliario.com\/es_co\/wp-json\/wp\/v2\/product_tag?post=32554"}],"curies":[{"name":"wp","href":"https:\/\/api.w.org\/{rel}","templated":true}]}}

Sofá Reclinable Siesta

<h3 data-start="247" data-end="322">🛋️ Sofá Reclinable <strong data-start="271" data-end="281">Siesta</strong> – Confort Moderno y Tecnología Eléctrica</h3>
<p data-start="324" data-end="637">Descansa como nunca antes con el <strong data-start="357" data-end="372">Sofá Siesta</strong>, una combinación perfecta entre diseño moderno y tecnología de relajación. Equipado con <strong data-start="461" data-end="521">mecanismo eléctrico reclinable en los asientos laterales</strong>, este sofá permite ajustar la posición con solo presionar un botón, ideal para ver series, leer o tomar una siesta.</p>
<p data-start="639" data-end="676">📐 <strong data-start="642" data-end="675">Medidas disponibles y precios</strong>:</p>
<ul data-start="677" data-end="798">
<li data-start="677" data-end="738">
<p data-start="679" data-end="738">2,20 m de largo x 0,80 m de fondo (3 puestos)</p>
</li>
<li data-start="739" data-end="798">
<p data-start="741" data-end="798">1,60 m de largo x 0,80 m de fondo (2 puestos)</p>
</li>
</ul>
<p data-start="800" data-end="833">✨ <strong data-start="802" data-end="832">Características destacadas</strong>:</p>
<ul data-start="834" data-end="1073">
<li data-start="834" data-end="879">
<p data-start="836" data-end="879">Asientos reclinables eléctricos (laterales)</p>
</li>
<li data-start="880" data-end="925">
<p data-start="882" data-end="925">Espuma de alta densidad para máximo confort</p>
</li>
<li data-start="926" data-end="955">
<p data-start="928" data-end="955">Tapizado suave y resistente</p>
</li>
<li data-start="956" data-end="989">
<p data-start="958" data-end="989">Diseño elegante y contemporáneo</p>
</li>
<li data-start="990" data-end="1022">
<p data-start="992" data-end="1022">Estructura de alta durabilidad</p>
</li>
<li data-start="1023" data-end="1073">
<p data-start="1025" data-end="1073">Ideal para salas principales o zonas de descanso</p>
</li>
</ul>
<p data-start="1075" data-end="1156">🛠️ <strong data-start="1079" data-end="1117">Fabricación bajo pedido en 7 días.</strong><br data-start="1117" data-end="1120" /><strong data-start="1120" data-end="1131">Modelo:</strong> Sofá Reclinable – Siesta</p>

<h3 data-start="247" data-end="322">🛋️ Sofá Reclinable <strong data-start="271" data-end="281">Siesta</strong> – Confort Moderno y Tecnología Eléctrica</h3>
<p data-start="324" data-end="637">Descansa como nunca antes con el <strong data-start="357" data-end="372">Sofá Siesta</strong>, una combinación perfecta entre diseño moderno y tecnología de relajación. Equipado con <strong data-start="461" data-end="521">mecanismo eléctrico reclinable en los asientos laterales</strong>, este sofá permite ajustar la posición con solo presionar un botón, ideal para ver series, leer o tomar una siesta.</p>
<p data-start="324" data-end="637">🛠️ <strong data-start="1079" data-end="1117">Fabricación bajo pedido en 7 días.</strong></p>
<p data-start="639" data-end="676">📐 <strong data-start="642" data-end="675">Medidas disponibles y precios</strong>:</p>
