{"id":32358,"date":"2025-06-10T02:01:48","date_gmt":"2025-06-10T07:01:48","guid":{"rendered":"https:\/\/leganzamobiliario.com\/?post_type=product&#038;p=32358"},"modified":"2025-06-10T02:01:48","modified_gmt":"2025-06-10T07:01:48","slug":"sofa-cama-click-leman","status":"publish","type":"product","link":"https:\/\/leganzamobiliario.com\/es_co\/producto\/sofa-cama-click-leman\/","title":{"rendered":"Sof\u00e1 Cama Click Lem\u00e1n"},"content":{"rendered":"<p data-start=\"198\" data-end=\"252\">\ud83d\udecb\ufe0f Sof\u00e1 Cama Click Lem\u00e1n<\/p>\n<p data-start=\"254\" data-end=\"464\">Descubre el equilibrio ideal entre confort y funcionalidad con nuestro <strong data-start=\"325\" data-end=\"364\">Sof\u00e1 Cama Click Lem\u00e1n<\/strong>, dise\u00f1ado especialmente para espacios modernos que requieren versatilidad sin sacrificar el estilo.<\/p>\n<p data-start=\"466\" data-end=\"690\">Este sof\u00e1 incorpora un <strong data-start=\"489\" data-end=\"523\">respaldo reclinable tipo click<\/strong> y una <strong data-start=\"530\" data-end=\"555\">colchoneta deslizable<\/strong>, lo que permite transformarlo f\u00e1cilmente en una cama adicional. Perfecto para recibir visitas o relajarte en casa con total comodidad.<\/p>\n<p data-start=\"692\" data-end=\"719\">\ud83d\udcd0 <strong data-start=\"695\" data-end=\"719\">Medidas disponibles:<\/strong><\/p>\n<ul data-start=\"721\" data-end=\"870\">\n<li data-start=\"721\" data-end=\"770\">\n<p data-start=\"723\" data-end=\"770\">2,20 m de largo x 0,80 m de fondo (3 puestos)<\/p>\n<\/li>\n<li data-start=\"771\" data-end=\"822\">\n<p data-start=\"773\" data-end=\"822\">1,90 m de largo x 0,80 m de fondo (2.5 puestos)<\/p>\n<\/li>\n<li data-start=\"823\" data-end=\"870\">\n<p data-start=\"825\" data-end=\"870\">1,60 m de largo x 0,80 m de fondo (2 puestos)<\/p>\n<\/li>\n<\/ul>\n<p data-start=\"872\" data-end=\"905\">\u2728 <strong data-start=\"874\" data-end=\"905\">Caracter\u00edsticas destacadas:<\/strong><\/p>\n<ul data-start=\"907\" data-end=\"1322\">\n<li data-start=\"907\" data-end=\"964\">\n<p data-start=\"909\" data-end=\"964\">Mecanismo alem\u00e1n tipo <em data-start=\"931\" data-end=\"938\">click<\/em> para reclinar el respaldo<\/p>\n<\/li>\n<li data-start=\"965\" data-end=\"1011\">\n<p data-start=\"967\" data-end=\"1011\">Colchoneta deslizable tipo cama de f\u00e1cil uso<\/p>\n<\/li>\n<li data-start=\"1012\" data-end=\"1056\">\n<p data-start=\"1014\" data-end=\"1056\">Dise\u00f1o ergon\u00f3mico con estilo contempor\u00e1neo<\/p>\n<\/li>\n<li data-start=\"1057\" data-end=\"1103\">\n<p data-start=\"1059\" data-end=\"1103\">Espuma de alta densidad para mayor comodidad<\/p>\n<\/li>\n<li data-start=\"1104\" data-end=\"1153\">\n<p data-start=\"1106\" data-end=\"1153\">Tapizado personalizable en color y tipo de tela<\/p>\n<\/li>\n<li data-start=\"1154\" data-end=\"1197\">\n<p data-start=\"1156\" data-end=\"1197\">Cojines incluidos para respaldo y asiento<\/p>\n<\/li>\n<li data-start=\"1198\" data-end=\"1251\">\n<p data-start=\"1200\" data-end=\"1251\">Estructura en madera inmunizada de alta durabilidad<\/p>\n<\/li>\n<li data-start=\"1252\" data-end=\"1322\">\n<p data-start=\"1254\" data-end=\"1322\">Ideal para salas, estudios, apartamentos o espacios multifuncionales<\/p>\n<\/li>\n<\/ul>\n<p data-start=\"1324\" data-end=\"1407\">\ud83c\udfa8 <strong data-start=\"1327\" data-end=\"1356\">Personal\u00edzalo a tu medida<\/strong> y haz de tu espacio un lugar funcional y acogedor.<\/p>\n<p data-start=\"1409\" data-end=\"1516\">\ud83d\udee0\ufe0f <strong data-start=\"1413\" data-end=\"1451\">Fabricaci\u00f3n bajo pedido en 7 d\u00edas.<\/strong><br data-start=\"1451\" data-end=\"1454\" \/><strong data-start=\"1454\" data-end=\"1465\">Modelo:<\/strong> <strong data-start=\"1466\" data-end=\"1516\">Sof\u00e1s Click \u2013 Sof\u00e1 Cama Mecanismo Click Alem\u00e1n<\/strong><\/p>\n","protected":false},"excerpt":{"rendered":"<p data-start=\"198\" data-end=\"252\">\ud83d\udecb\ufe0f Sof\u00e1 Cama Click Lem\u00e1n<\/p>\n<p data-start=\"254\" data-end=\"464\">Descubre el equilibrio ideal entre confort y funcionalidad con nuestro <strong data-start=\"325\" data-end=\"364\">Sof\u00e1 Cama Click Lem\u00e1n<\/strong>, dise\u00f1ado especialmente para espacios modernos que requieren versatilidad sin sacrificar el estilo.<\/p>\n<p data-start=\"466\" data-end=\"690\">Este sof\u00e1 incorpora un <strong data-start=\"489\" data-end=\"523\">respaldo reclinable tipo click<\/strong> y una <strong data-start=\"530\" data-end=\"555\">colchoneta deslizable<\/strong>, lo que permite transformarlo f\u00e1cilmente en una cama adicional. Perfecto para recibir visitas o relajarte en casa con total comodidad.<\/p>\n<p data-start=\"466\" data-end=\"690\">\ud83d\udee0\ufe0f <strong data-start=\"1413\" data-end=\"1451\">Fabricaci\u00f3n bajo pedido en 7 d\u00edas.<\/strong><\/p>\n<p data-start=\"692\" data-end=\"719\">\ud83d\udcd0 <strong data-start=\"695\" data-end=\"719\">Medidas disponibles:<\/strong><\/p>\n","protected":false},"featured_media":29875,"comment_status":"open","ping_status":"closed","template":"","meta":[],"product_brand":[],"product_cat":[83],"product_tag":[],"class_list":{"0":"post-32358","1":"product","2":"type-product","3":"status-publish","4":"has-post-thumbnail","6":"product_cat-sofa","7":"pa_colores-img-chenille-azul-oscuro","8":"pa_colores-img-chenille-beige","9":"pa_colores-img-chenille-blanca","10":"pa_colores-img-chenille-gris","11":"pa_colores-img-chenille-marfil","12":"pa_colores-img-lino-gris-plata","13":"pa_colores-img-lino-gris-plomo","14":"pa_colores-img-lino-gris-salitre","15":"pa_colores-img-lino-mostaza","16":"pa_colores-img-lino-negro","17":"pa_colores-img-microfibra-azul-navy","18":"pa_colores-img-microfibra-azul-turquesa","19":"pa_colores-img-microfibra-beige-textura","20":"pa_colores-img-microfibra-bruselas","21":"pa_colores-img-microfibra-bruselas-cocoa","22":"pa_colores-img-microfibra-caramelo","23":"pa_colores-img-microfibra-celeste","24":"pa_colores-img-microfibra-grafito","25":"pa_colores-img-microfibra-grey","26":"pa_colores-img-microfibra-odin-blanca","27":"pa_colores-img-microfibra-odin-gris","28":"pa_colores-img-microfibra-peach","29":"pa_colores-img-microfibra-red","30":"pa_colores-img-microfibra-salmon","31":"pa_colores-img-microfibra-sand","32":"pa_colores-img-microfibra-taupe","33":"pa_colores-img-microfibra-terra","34":"pa_colores-img-microfibra-textura-vainilla","35":"pa_colores-img-microfibra-verde-botella","36":"pa_colores-img-microfibra-verde-oliva-textura","37":"pa_colores-img-microfibra-verde-oro","38":"pa_colores-img-verde-pino","39":"pa_medida-sofa-menorso","40":"pa_medida-sofa-medioso","41":"pa_medida-sofa-mayorso","43":"first","44":"instock","45":"shipping-taxable","46":"purchasable","47":"product-type-variable"},"_links":{"self":[{"href":"https:\/\/leganzamobiliario.com\/es_co\/wp-json\/wp\/v2\/product\/32358","targetHints":{"allow":["GET"]}}],"collection":[{"href":"https:\/\/leganzamobiliario.com\/es_co\/wp-json\/wp\/v2\/product"}],"about":[{"href":"https:\/\/leganzamobiliario.com\/es_co\/wp-json\/wp\/v2\/types\/product"}],"replies":[{"embeddable":true,"href":"https:\/\/leganzamobiliario.com\/es_co\/wp-json\/wp\/v2\/comments?post=32358"}],"version-history":[{"count":0,"href":"https:\/\/leganzamobiliario.com\/es_co\/wp-json\/wp\/v2\/product\/32358\/revisions"}],"wp:featuredmedia":[{"embeddable":true,"href":"https:\/\/leganzamobiliario.com\/es_co\/wp-json\/wp\/v2\/media\/29875"}],"wp:attachment":[{"href":"https:\/\/leganzamobiliario.com\/es_co\/wp-json\/wp\/v2\/media?parent=32358"}],"wp:term":[{"taxonomy":"product_brand","embeddable":true,"href":"https:\/\/leganzamobiliario.com\/es_co\/wp-json\/wp\/v2\/product_brand?post=32358"},{"taxonomy":"product_cat","embeddable":true,"href":"https:\/\/leganzamobiliario.com\/es_co\/wp-json\/wp\/v2\/product_cat?post=32358"},{"taxonomy":"product_tag","embeddable":true,"href":"https:\/\/leganzamobiliario.com\/es_co\/wp-json\/wp\/v2\/product_tag?post=32358"}],"curies":[{"name":"wp","href":"https:\/\/api.w.org\/{rel}","templated":true}]}}

Sofá Cama Click Lemán

<p data-start="198" data-end="252">🛋️ Sofá Cama Click Lemán</p>
<p data-start="254" data-end="464">Descubre el equilibrio ideal entre confort y funcionalidad con nuestro <strong data-start="325" data-end="364">Sofá Cama Click Lemán</strong>, diseñado especialmente para espacios modernos que requieren versatilidad sin sacrificar el estilo.</p>
<p data-start="466" data-end="690">Este sofá incorpora un <strong data-start="489" data-end="523">respaldo reclinable tipo click</strong> y una <strong data-start="530" data-end="555">colchoneta deslizable</strong>, lo que permite transformarlo fácilmente en una cama adicional. Perfecto para recibir visitas o relajarte en casa con total comodidad.</p>
<p data-start="692" data-end="719">📐 <strong data-start="695" data-end="719">Medidas disponibles:</strong></p>
<ul data-start="721" data-end="870">
<li data-start="721" data-end="770">
<p data-start="723" data-end="770">2,20 m de largo x 0,80 m de fondo (3 puestos)</p>
</li>
<li data-start="771" data-end="822">
<p data-start="773" data-end="822">1,90 m de largo x 0,80 m de fondo (2.5 puestos)</p>
</li>
<li data-start="823" data-end="870">
<p data-start="825" data-end="870">1,60 m de largo x 0,80 m de fondo (2 puestos)</p>
</li>
</ul>
<p data-start="872" data-end="905">✨ <strong data-start="874" data-end="905">Características destacadas:</strong></p>
<ul data-start="907" data-end="1322">
<li data-start="907" data-end="964">
<p data-start="909" data-end="964">Mecanismo alemán tipo <em data-start="931" data-end="938">click</em> para reclinar el respaldo</p>
</li>
<li data-start="965" data-end="1011">
<p data-start="967" data-end="1011">Colchoneta deslizable tipo cama de fácil uso</p>
</li>
<li data-start="1012" data-end="1056">
<p data-start="1014" data-end="1056">Diseño ergonómico con estilo contemporáneo</p>
</li>
<li data-start="1057" data-end="1103">
<p data-start="1059" data-end="1103">Espuma de alta densidad para mayor comodidad</p>
</li>
<li data-start="1104" data-end="1153">
<p data-start="1106" data-end="1153">Tapizado personalizable en color y tipo de tela</p>
</li>
<li data-start="1154" data-end="1197">
<p data-start="1156" data-end="1197">Cojines incluidos para respaldo y asiento</p>
</li>
<li data-start="1198" data-end="1251">
<p data-start="1200" data-end="1251">Estructura en madera inmunizada de alta durabilidad</p>
</li>
<li data-start="1252" data-end="1322">
<p data-start="1254" data-end="1322">Ideal para salas, estudios, apartamentos o espacios multifuncionales</p>
</li>
</ul>
<p data-start="1324" data-end="1407">🎨 <strong data-start="1327" data-end="1356">Personalízalo a tu medida</strong> y haz de tu espacio un lugar funcional y acogedor.</p>
<p data-start="1409" data-end="1516">🛠️ <strong data-start="1413" data-end="1451">Fabricación bajo pedido en 7 días.</strong><br data-start="1451" data-end="1454" /><strong data-start="1454" data-end="1465">Modelo:</strong> <strong data-start="1466" data-end="1516">Sofás Click – Sofá Cama Mecanismo Click Alemán</strong></p>

<p data-start="198" data-end="252">🛋️ Sofá Cama Click Lemán</p>
<p data-start="254" data-end="464">Descubre el equilibrio ideal entre confort y funcionalidad con nuestro <strong data-start="325" data-end="364">Sofá Cama Click Lemán</strong>, diseñado especialmente para espacios modernos que requieren versatilidad sin sacrificar el estilo.</p>
<p data-start="466" data-end="690">Este sofá incorpora un <strong data-start="489" data-end="523">respaldo reclinable tipo click</strong> y una <strong data-start="530" data-end="555">colchoneta deslizable</strong>, lo que permite transformarlo fácilmente en una cama adicional. Perfecto para recibir visitas o relajarte en casa con total comodidad.</p>
<p data-start="466" data-end="690">🛠️ <strong data-start="1413" data-end="1451">Fabricación bajo pedido en 7 días.</strong></p>
<p data-start="692" data-end="719">📐 <strong data-start="695" data-end="719">Medidas disponibles:</strong></p>
