{"id":32162,"date":"2025-06-10T01:04:35","date_gmt":"2025-06-10T06:04:35","guid":{"rendered":"https:\/\/leganzamobiliario.com\/?post_type=product&#038;p=32162"},"modified":"2025-06-10T01:04:35","modified_gmt":"2025-06-10T06:04:35","slug":"sala-en-l-aleman-modelo-armoni","status":"publish","type":"product","link":"https:\/\/leganzamobiliario.com\/es_co\/producto\/sala-en-l-aleman-modelo-armoni\/","title":{"rendered":"Sala en L Alem\u00e1n Modelo Armoni"},"content":{"rendered":"<p data-start=\"150\" data-end=\"234\">\ud83d\udecb\ufe0f <strong data-start=\"154\" data-end=\"234\">Sala en L Alem\u00e1n Modelo Armoni \u2013 Estilo Alem\u00e1n, Comodidad y Elegancia Personalizada<\/strong><\/p>\n<p data-start=\"236\" data-end=\"490\">Transforma tus espacios con la <strong data-start=\"154\" data-end=\"234\">Sala en L Alem\u00e1n Modelo Armoni <\/strong>, un dise\u00f1o alem\u00e1n que equilibra funcionalidad, est\u00e9tica y confort. Su configuraci\u00f3n tipo chaise longue (izquierda o derecha) es ideal para hogares modernos, brindando un ambiente acogedor y sofisticado.<\/p>\n<p data-start=\"492\" data-end=\"648\">Fabricada bajo pedido, esta sala combina materiales de alta calidad con la posibilidad de personalizaci\u00f3n total para que se ajuste perfectamente a tu hogar.<\/p>\n<p data-start=\"650\" data-end=\"677\">\ud83d\udcd0 <strong data-start=\"653\" data-end=\"677\">Medidas disponibles:<\/strong><\/p>\n<ul data-start=\"679\" data-end=\"861\">\n<li data-start=\"679\" data-end=\"739\">\n<p data-start=\"681\" data-end=\"739\">2,60 m de ancho total x 1,60 m de fondo x 0,80 m de alto<\/p>\n<\/li>\n<li data-start=\"740\" data-end=\"800\">\n<p data-start=\"742\" data-end=\"800\">2,40 m de ancho total x 1,60 m de fondo x 0,80 m de alto<\/p>\n<\/li>\n<li data-start=\"801\" data-end=\"861\">\n<p data-start=\"803\" data-end=\"861\">2,20 m de ancho total x 1,60 m de fondo x 0,80 m de alto<\/p>\n<\/li>\n<\/ul>\n<p data-start=\"863\" data-end=\"925\"><em data-start=\"863\" data-end=\"925\">Chaise longue disponible en orientaci\u00f3n izquierda o derecha.<\/em><\/p>\n<p data-start=\"927\" data-end=\"960\">\u2728 <strong data-start=\"929\" data-end=\"960\">Caracter\u00edsticas destacadas:<\/strong><\/p>\n<ul data-start=\"962\" data-end=\"1233\">\n<li data-start=\"962\" data-end=\"1006\">\n<p data-start=\"964\" data-end=\"1006\">Dise\u00f1o alem\u00e1n contempor\u00e1neo y ergon\u00f3mico<\/p>\n<\/li>\n<li data-start=\"1007\" data-end=\"1062\">\n<p data-start=\"1009\" data-end=\"1062\">Estructura en madera inmunizada de alta resistencia<\/p>\n<\/li>\n<li data-start=\"1063\" data-end=\"1110\">\n<p data-start=\"1065\" data-end=\"1110\">Espuma de alta densidad para m\u00e1ximo confort<\/p>\n<\/li>\n<li data-start=\"1111\" data-end=\"1157\">\n<p data-start=\"1113\" data-end=\"1157\">Tapizado personalizable en colores y telas<\/p>\n<\/li>\n<li data-start=\"1158\" data-end=\"1233\">\n<p data-start=\"1160\" data-end=\"1233\">Estilo vers\u00e1til perfecto para salas, apartamentos o espacios familiares<\/p>\n<\/li>\n<\/ul>\n<p data-start=\"1235\" data-end=\"1315\">\ud83c\udfa8 <strong data-start=\"1238\" data-end=\"1315\">Personal\u00edzala completamente a tu gusto y haz de tu sala un espacio \u00fanico.<\/strong><\/p>\n<p data-start=\"1317\" data-end=\"1393\">\ud83d\udee0\ufe0f Fabricaci\u00f3n bajo pedido en 7 d\u00edas.<\/p>\n<p data-start=\"1317\" data-end=\"1393\">Modelo: <strong data-start=\"1366\" data-end=\"1393\">SALA ALEMANA L \u2013 ARMONI<\/strong><\/p>\n","protected":false},"excerpt":{"rendered":"<p data-start=\"150\" data-end=\"234\">\ud83d\udecb\ufe0f <strong data-start=\"154\" data-end=\"234\">Sala en L Alem\u00e1n Modelo Armoni \u2013 Estilo Alem\u00e1n, Comodidad y Elegancia Personalizada<\/strong><\/p>\n<p data-start=\"236\" data-end=\"490\">Transforma tus espacios con la <strong data-start=\"154\" data-end=\"234\">Sala en L Alem\u00e1n Modelo Armoni <\/strong>, un dise\u00f1o alem\u00e1n que equilibra funcionalidad, est\u00e9tica y confort. Su configuraci\u00f3n tipo chaise longue (izquierda o derecha) es ideal para hogares modernos, brindando un ambiente acogedor y sofisticado.<\/p>\n<p data-start=\"492\" data-end=\"648\">Fabricada bajo pedido, esta sala combina materiales de alta calidad con la posibilidad de personalizaci\u00f3n total para que se ajuste perfectamente a tu hogar.<\/p>\n<p data-start=\"492\" data-end=\"648\">\ud83d\udee0\ufe0f Fabricaci\u00f3n bajo pedido en 7 d\u00edas.<\/p>\n<p data-start=\"650\" data-end=\"677\">\ud83d\udcd0 <strong data-start=\"653\" data-end=\"677\">Medidas disponibles:<\/strong><\/p>\n","protected":false},"featured_media":29863,"comment_status":"open","ping_status":"closed","template":"","meta":[],"product_brand":[],"product_cat":[57],"product_tag":[],"class_list":{"0":"post-32162","1":"product","2":"type-product","3":"status-publish","4":"has-post-thumbnail","6":"product_cat-salas","7":"pa_colores-img-chenille-azul-oscuro","8":"pa_colores-img-chenille-beige","9":"pa_colores-img-chenille-blanca","10":"pa_colores-img-chenille-gris","11":"pa_colores-img-chenille-marfil","12":"pa_colores-img-lino-gris-plata","13":"pa_colores-img-lino-gris-plomo","14":"pa_colores-img-lino-gris-salitre","15":"pa_colores-img-lino-mostaza","16":"pa_colores-img-lino-negro","17":"pa_colores-img-microfibra-azul-navy","18":"pa_colores-img-microfibra-azul-turquesa","19":"pa_colores-img-microfibra-beige-textura","20":"pa_colores-img-microfibra-bruselas","21":"pa_colores-img-microfibra-bruselas-cocoa","22":"pa_colores-img-microfibra-caramelo","23":"pa_colores-img-microfibra-celeste","24":"pa_colores-img-microfibra-grafito","25":"pa_colores-img-microfibra-grey","26":"pa_colores-img-microfibra-odin-blanca","27":"pa_colores-img-microfibra-odin-gris","28":"pa_colores-img-microfibra-peach","29":"pa_colores-img-microfibra-red","30":"pa_colores-img-microfibra-salmon","31":"pa_colores-img-microfibra-sand","32":"pa_colores-img-microfibra-taupe","33":"pa_colores-img-microfibra-terra","34":"pa_colores-img-microfibra-textura-vainilla","35":"pa_colores-img-microfibra-verde-botella","36":"pa_colores-img-microfibra-verde-oliva-textura","37":"pa_colores-img-microfibra-verde-oro","38":"pa_colores-img-verde-pino","39":"pa_medida-sala-aleman-menorsala","40":"pa_medida-sala-aleman-mediosala","41":"pa_medida-sala-aleman-mayorsala","43":"first","44":"instock","45":"shipping-taxable","46":"purchasable","47":"product-type-variable"},"_links":{"self":[{"href":"https:\/\/leganzamobiliario.com\/es_co\/wp-json\/wp\/v2\/product\/32162","targetHints":{"allow":["GET"]}}],"collection":[{"href":"https:\/\/leganzamobiliario.com\/es_co\/wp-json\/wp\/v2\/product"}],"about":[{"href":"https:\/\/leganzamobiliario.com\/es_co\/wp-json\/wp\/v2\/types\/product"}],"replies":[{"embeddable":true,"href":"https:\/\/leganzamobiliario.com\/es_co\/wp-json\/wp\/v2\/comments?post=32162"}],"version-history":[{"count":0,"href":"https:\/\/leganzamobiliario.com\/es_co\/wp-json\/wp\/v2\/product\/32162\/revisions"}],"wp:featuredmedia":[{"embeddable":true,"href":"https:\/\/leganzamobiliario.com\/es_co\/wp-json\/wp\/v2\/media\/29863"}],"wp:attachment":[{"href":"https:\/\/leganzamobiliario.com\/es_co\/wp-json\/wp\/v2\/media?parent=32162"}],"wp:term":[{"taxonomy":"product_brand","embeddable":true,"href":"https:\/\/leganzamobiliario.com\/es_co\/wp-json\/wp\/v2\/product_brand?post=32162"},{"taxonomy":"product_cat","embeddable":true,"href":"https:\/\/leganzamobiliario.com\/es_co\/wp-json\/wp\/v2\/product_cat?post=32162"},{"taxonomy":"product_tag","embeddable":true,"href":"https:\/\/leganzamobiliario.com\/es_co\/wp-json\/wp\/v2\/product_tag?post=32162"}],"curies":[{"name":"wp","href":"https:\/\/api.w.org\/{rel}","templated":true}]}}

Sala en L Alemán Modelo Armoni

<p data-start="150" data-end="234">🛋️ <strong data-start="154" data-end="234">Sala en L Alemán Modelo Armoni – Estilo Alemán, Comodidad y Elegancia Personalizada</strong></p>
<p data-start="236" data-end="490">Transforma tus espacios con la <strong data-start="154" data-end="234">Sala en L Alemán Modelo Armoni </strong>, un diseño alemán que equilibra funcionalidad, estética y confort. Su configuración tipo chaise longue (izquierda o derecha) es ideal para hogares modernos, brindando un ambiente acogedor y sofisticado.</p>
<p data-start="492" data-end="648">Fabricada bajo pedido, esta sala combina materiales de alta calidad con la posibilidad de personalización total para que se ajuste perfectamente a tu hogar.</p>
<p data-start="650" data-end="677">📐 <strong data-start="653" data-end="677">Medidas disponibles:</strong></p>
<ul data-start="679" data-end="861">
<li data-start="679" data-end="739">
<p data-start="681" data-end="739">2,60 m de ancho total x 1,60 m de fondo x 0,80 m de alto</p>
</li>
<li data-start="740" data-end="800">
<p data-start="742" data-end="800">2,40 m de ancho total x 1,60 m de fondo x 0,80 m de alto</p>
</li>
<li data-start="801" data-end="861">
<p data-start="803" data-end="861">2,20 m de ancho total x 1,60 m de fondo x 0,80 m de alto</p>
</li>
</ul>
<p data-start="863" data-end="925"><em data-start="863" data-end="925">Chaise longue disponible en orientación izquierda o derecha.</em></p>
<p data-start="927" data-end="960">✨ <strong data-start="929" data-end="960">Características destacadas:</strong></p>
<ul data-start="962" data-end="1233">
<li data-start="962" data-end="1006">
<p data-start="964" data-end="1006">Diseño alemán contemporáneo y ergonómico</p>
</li>
<li data-start="1007" data-end="1062">
<p data-start="1009" data-end="1062">Estructura en madera inmunizada de alta resistencia</p>
</li>
<li data-start="1063" data-end="1110">
<p data-start="1065" data-end="1110">Espuma de alta densidad para máximo confort</p>
</li>
<li data-start="1111" data-end="1157">
<p data-start="1113" data-end="1157">Tapizado personalizable en colores y telas</p>
</li>
<li data-start="1158" data-end="1233">
<p data-start="1160" data-end="1233">Estilo versátil perfecto para salas, apartamentos o espacios familiares</p>
</li>
</ul>
<p data-start="1235" data-end="1315">🎨 <strong data-start="1238" data-end="1315">Personalízala completamente a tu gusto y haz de tu sala un espacio único.</strong></p>
<p data-start="1317" data-end="1393">🛠️ Fabricación bajo pedido en 7 días.</p>
<p data-start="1317" data-end="1393">Modelo: <strong data-start="1366" data-end="1393">SALA ALEMANA L – ARMONI</strong></p>

<p data-start="150" data-end="234">🛋️ <strong data-start="154" data-end="234">Sala en L Alemán Modelo Armoni – Estilo Alemán, Comodidad y Elegancia Personalizada</strong></p>
<p data-start="236" data-end="490">Transforma tus espacios con la <strong data-start="154" data-end="234">Sala en L Alemán Modelo Armoni </strong>, un diseño alemán que equilibra funcionalidad, estética y confort. Su configuración tipo chaise longue (izquierda o derecha) es ideal para hogares modernos, brindando un ambiente acogedor y sofisticado.</p>
<p data-start="492" data-end="648">Fabricada bajo pedido, esta sala combina materiales de alta calidad con la posibilidad de personalización total para que se ajuste perfectamente a tu hogar.</p>
<p data-start="492" data-end="648">🛠️ Fabricación bajo pedido en 7 días.</p>
<p data-start="650" data-end="677">📐 <strong data-start="653" data-end="677">Medidas disponibles:</strong></p>
