{"id":30000,"date":"2025-06-08T13:06:55","date_gmt":"2025-06-08T18:06:55","guid":{"rendered":"https:\/\/leganzamobiliario.com\/?post_type=product&#038;p=30000"},"modified":"2025-06-08T13:14:17","modified_gmt":"2025-06-08T18:14:17","slug":"sofa-noveris","status":"publish","type":"product","link":"https:\/\/leganzamobiliario.com\/es_co\/producto\/sofa-noveris\/","title":{"rendered":"Sof\u00e1 Noveris"},"content":{"rendered":"<h3 data-start=\"214\" data-end=\"280\">\ud83d\udecb\ufe0f Sof\u00e1 Noveris \u2013 Estilo Moderno, Comodidad y Personalizaci\u00f3n<\/h3>\n<p data-start=\"282\" data-end=\"540\">Agrega estilo y elegancia a tu hogar con el\u00a0<strong data-start=\"326\" data-end=\"342\">Sof\u00e1 Noveris<\/strong>, una pieza moderna que combina l\u00edneas limpias, confort y versatilidad. Su dise\u00f1o minimalista se adapta perfectamente a espacios contempor\u00e1neos, ya sea en apartamentos, salas principales o estudios.<\/p>\n<p data-start=\"542\" data-end=\"839\">Disponible en diferentes tama\u00f1os seg\u00fan tus necesidades de espacio, el sof\u00e1 Noveris est\u00e1 fabricado con materiales de alta calidad y pensado para brindar una experiencia de descanso superior. Su estructura firme, cojiner\u00eda acolchada y patas de madera aportan estabilidad y un toque de sofisticaci\u00f3n.<\/p>\n<p data-start=\"841\" data-end=\"868\">\ud83d\udcd0\u00a0<strong data-start=\"844\" data-end=\"868\">Medidas disponibles:<\/strong><\/p>\n<ul data-start=\"869\" data-end=\"1008\">\n<li data-start=\"869\" data-end=\"916\">\n<p data-start=\"871\" data-end=\"916\">2,20 m largo x 0,80 m fondo (tres asientos)<\/p>\n<\/li>\n<li data-start=\"917\" data-end=\"963\">\n<p data-start=\"919\" data-end=\"963\">1,90 m largo x 0,80 m fondo (2.5 asientos)<\/p>\n<\/li>\n<li data-start=\"964\" data-end=\"1008\">\n<p data-start=\"966\" data-end=\"1008\">1,60 m largo x 0,80 m fondo (dos asientos)<\/p>\n<\/li>\n<\/ul>\n<p data-start=\"1010\" data-end=\"1043\">\u2728\u00a0<strong data-start=\"1012\" data-end=\"1043\">Caracter\u00edsticas destacadas:<\/strong><\/p>\n<ul data-start=\"1044\" data-end=\"1253\">\n<li data-start=\"1044\" data-end=\"1078\">\n<p data-start=\"1046\" data-end=\"1078\">Dise\u00f1o moderno y l\u00edneas rectas<\/p>\n<\/li>\n<li data-start=\"1079\" data-end=\"1126\">\n<p data-start=\"1081\" data-end=\"1126\">Cojines de alta densidad para mayor confort<\/p>\n<\/li>\n<li data-start=\"1127\" data-end=\"1173\">\n<p data-start=\"1129\" data-end=\"1173\">Tapizado personalizable en colores y telas<\/p>\n<\/li>\n<li data-start=\"1174\" data-end=\"1201\">\n<p data-start=\"1176\" data-end=\"1201\">Patas en madera natural<\/p>\n<\/li>\n<li data-start=\"1202\" data-end=\"1253\">\n<p data-start=\"1204\" data-end=\"1253\">Perfecto para interiores con estilo contempor\u00e1neo<\/p>\n<\/li>\n<\/ul>\n<p data-start=\"1255\" data-end=\"1320\">\ud83c\udfa8 Personal\u00edzalo a tu gusto y crea un sof\u00e1 \u00fanico para tu espacio.<\/p>\n<p data-start=\"1322\" data-end=\"1364\">\ud83d\udee0\ufe0f\u00a0<strong data-start=\"1326\" data-end=\"1364\">Fabricaci\u00f3n bajo pedido en 7 d\u00edas.<\/strong><\/p>\n","protected":false},"excerpt":{"rendered":"<h3 data-start=\"214\" data-end=\"280\">\ud83d\udecb\ufe0f Sof\u00e1 Noveris \u2013 Estilo Moderno, Comodidad y Personalizaci\u00f3n<\/h3>\n<p data-start=\"282\" data-end=\"540\">Agrega estilo y elegancia a tu hogar con el\u00a0<strong data-start=\"326\" data-end=\"342\">Sof\u00e1 Noveris<\/strong>, una pieza moderna que combina l\u00edneas limpias, confort y versatilidad. Su dise\u00f1o minimalista se adapta perfectamente a espacios contempor\u00e1neos, ya sea en apartamentos, salas principales o estudios.<\/p>\n<p data-start=\"542\" data-end=\"839\">Disponible en diferentes tama\u00f1os seg\u00fan tus necesidades de espacio, el sof\u00e1 Noveris est\u00e1 fabricado con materiales de alta calidad y pensado para brindar una experiencia de descanso superior. Su estructura firme, cojiner\u00eda acolchada y patas de madera aportan estabilidad y un toque de sofisticaci\u00f3n.<\/p>\n<p data-start=\"542\" data-end=\"839\">\ud83d\udee0\ufe0f\u00a0<strong data-start=\"1326\" data-end=\"1364\">Fabricaci\u00f3n bajo pedido en 7 d\u00edas.<\/strong><\/p>\n<p data-start=\"841\" data-end=\"868\">\ud83d\udcd0\u00a0<strong data-start=\"844\" data-end=\"868\">Medidas disponibles:<\/strong><\/p>\n","protected":false},"featured_media":29886,"comment_status":"open","ping_status":"closed","template":"","meta":[],"product_brand":[],"product_cat":[83],"product_tag":[],"class_list":{"0":"post-30000","1":"product","2":"type-product","3":"status-publish","4":"has-post-thumbnail","6":"product_cat-sofa","7":"pa_colores-img-chenille-azul-oscuro","8":"pa_colores-img-chenille-beige","9":"pa_colores-img-chenille-blanca","10":"pa_colores-img-chenille-gris","11":"pa_colores-img-chenille-marfil","12":"pa_colores-img-lino-gris-plata","13":"pa_colores-img-lino-gris-plomo","14":"pa_colores-img-lino-gris-salitre","15":"pa_colores-img-lino-mostaza","16":"pa_colores-img-lino-negro","17":"pa_colores-img-microfibra-azul-navy","18":"pa_colores-img-microfibra-azul-turquesa","19":"pa_colores-img-microfibra-beige-textura","20":"pa_colores-img-microfibra-bruselas","21":"pa_colores-img-microfibra-bruselas-cocoa","22":"pa_colores-img-microfibra-caramelo","23":"pa_colores-img-microfibra-celeste","24":"pa_colores-img-microfibra-grafito","25":"pa_colores-img-microfibra-grey","26":"pa_colores-img-microfibra-odin-blanca","27":"pa_colores-img-microfibra-odin-gris","28":"pa_colores-img-microfibra-peach","29":"pa_colores-img-microfibra-red","30":"pa_colores-img-microfibra-salmon","31":"pa_colores-img-microfibra-sand","32":"pa_colores-img-microfibra-taupe","33":"pa_colores-img-microfibra-terra","34":"pa_colores-img-microfibra-textura-vainilla","35":"pa_colores-img-microfibra-verde-botella","36":"pa_colores-img-microfibra-verde-oliva-textura","37":"pa_colores-img-microfibra-verde-oro","38":"pa_colores-img-verde-pino","39":"pa_medida-sofa-menorso","40":"pa_medida-sofa-medioso","41":"pa_medida-sofa-mayorso","43":"first","44":"instock","45":"shipping-taxable","46":"purchasable","47":"product-type-variable"},"_links":{"self":[{"href":"https:\/\/leganzamobiliario.com\/es_co\/wp-json\/wp\/v2\/product\/30000","targetHints":{"allow":["GET"]}}],"collection":[{"href":"https:\/\/leganzamobiliario.com\/es_co\/wp-json\/wp\/v2\/product"}],"about":[{"href":"https:\/\/leganzamobiliario.com\/es_co\/wp-json\/wp\/v2\/types\/product"}],"replies":[{"embeddable":true,"href":"https:\/\/leganzamobiliario.com\/es_co\/wp-json\/wp\/v2\/comments?post=30000"}],"version-history":[{"count":0,"href":"https:\/\/leganzamobiliario.com\/es_co\/wp-json\/wp\/v2\/product\/30000\/revisions"}],"wp:featuredmedia":[{"embeddable":true,"href":"https:\/\/leganzamobiliario.com\/es_co\/wp-json\/wp\/v2\/media\/29886"}],"wp:attachment":[{"href":"https:\/\/leganzamobiliario.com\/es_co\/wp-json\/wp\/v2\/media?parent=30000"}],"wp:term":[{"taxonomy":"product_brand","embeddable":true,"href":"https:\/\/leganzamobiliario.com\/es_co\/wp-json\/wp\/v2\/product_brand?post=30000"},{"taxonomy":"product_cat","embeddable":true,"href":"https:\/\/leganzamobiliario.com\/es_co\/wp-json\/wp\/v2\/product_cat?post=30000"},{"taxonomy":"product_tag","embeddable":true,"href":"https:\/\/leganzamobiliario.com\/es_co\/wp-json\/wp\/v2\/product_tag?post=30000"}],"curies":[{"name":"wp","href":"https:\/\/api.w.org\/{rel}","templated":true}]}}

Sofá Noveris

<h3 data-start="214" data-end="280">🛋️ Sofá Noveris – Estilo Moderno, Comodidad y Personalización</h3>
<p data-start="282" data-end="540">Agrega estilo y elegancia a tu hogar con el <strong data-start="326" data-end="342">Sofá Noveris</strong>, una pieza moderna que combina líneas limpias, confort y versatilidad. Su diseño minimalista se adapta perfectamente a espacios contemporáneos, ya sea en apartamentos, salas principales o estudios.</p>
<p data-start="542" data-end="839">Disponible en diferentes tamaños según tus necesidades de espacio, el sofá Noveris está fabricado con materiales de alta calidad y pensado para brindar una experiencia de descanso superior. Su estructura firme, cojinería acolchada y patas de madera aportan estabilidad y un toque de sofisticación.</p>
<p data-start="841" data-end="868">📐 <strong data-start="844" data-end="868">Medidas disponibles:</strong></p>
<ul data-start="869" data-end="1008">
<li data-start="869" data-end="916">
<p data-start="871" data-end="916">2,20 m largo x 0,80 m fondo (tres asientos)</p>
</li>
<li data-start="917" data-end="963">
<p data-start="919" data-end="963">1,90 m largo x 0,80 m fondo (2.5 asientos)</p>
</li>
<li data-start="964" data-end="1008">
<p data-start="966" data-end="1008">1,60 m largo x 0,80 m fondo (dos asientos)</p>
</li>
</ul>
<p data-start="1010" data-end="1043">✨ <strong data-start="1012" data-end="1043">Características destacadas:</strong></p>
<ul data-start="1044" data-end="1253">
<li data-start="1044" data-end="1078">
<p data-start="1046" data-end="1078">Diseño moderno y líneas rectas</p>
</li>
<li data-start="1079" data-end="1126">
<p data-start="1081" data-end="1126">Cojines de alta densidad para mayor confort</p>
</li>
<li data-start="1127" data-end="1173">
<p data-start="1129" data-end="1173">Tapizado personalizable en colores y telas</p>
</li>
<li data-start="1174" data-end="1201">
<p data-start="1176" data-end="1201">Patas en madera natural</p>
</li>
<li data-start="1202" data-end="1253">
<p data-start="1204" data-end="1253">Perfecto para interiores con estilo contemporáneo</p>
</li>
</ul>
<p data-start="1255" data-end="1320">🎨 Personalízalo a tu gusto y crea un sofá único para tu espacio.</p>
<p data-start="1322" data-end="1364">🛠️ <strong data-start="1326" data-end="1364">Fabricación bajo pedido en 7 días.</strong></p>

<h3 data-start="214" data-end="280">🛋️ Sofá Noveris – Estilo Moderno, Comodidad y Personalización</h3>
<p data-start="282" data-end="540">Agrega estilo y elegancia a tu hogar con el <strong data-start="326" data-end="342">Sofá Noveris</strong>, una pieza moderna que combina líneas limpias, confort y versatilidad. Su diseño minimalista se adapta perfectamente a espacios contemporáneos, ya sea en apartamentos, salas principales o estudios.</p>
<p data-start="542" data-end="839">Disponible en diferentes tamaños según tus necesidades de espacio, el sofá Noveris está fabricado con materiales de alta calidad y pensado para brindar una experiencia de descanso superior. Su estructura firme, cojinería acolchada y patas de madera aportan estabilidad y un toque de sofisticación.</p>
<p data-start="542" data-end="839">🛠️ <strong data-start="1326" data-end="1364">Fabricación bajo pedido en 7 días.</strong></p>
<p data-start="841" data-end="868">📐 <strong data-start="844" data-end="868">Medidas disponibles:</strong></p>
